{"id":831,"date":"2013-11-09T23:22:40","date_gmt":"2013-11-09T23:22:40","guid":{"rendered":"http:\/\/nogsteedshypo.nl\/?page_id=831"},"modified":"2014-06-11T13:21:09","modified_gmt":"2014-06-11T13:21:09","slug":"glutine2","status":"publish","type":"page","link":"https:\/\/nogsteedshypo.nl\/?page_id=831","title":{"rendered":"glutine"},"content":{"rendered":"<div id=\"post-entry-excerpt-831\" class=\"entry-part\"><p><span style=\"font-size: 16px;\">Per pazienti con la malattia di\u00a0<a href=\"http:\/\/nogsteedshypo.nl\/?page_id=506\" target=\"_blank\">Hashimoto<\/a>, una malattia autoimmune in cui il corpo sbaglia e attaca la tiroide distruggendola, \u00e8 meglio togliere\u00a0completamente\u00a0il glutine dalla dieta. Il glutine, oltre al fatto che il grano presumibilmente \u00e8 stato modificato geneticamente negli anni &#8217;60,\u00a0fa in modo che il corpo produce pi\u00f9 della proteina zonulina (succede anche in persone non sensibili al glutine) il che fa dilatare la flora intestina perci\u00f2 lascia passare pezzettini di cibo piu grandi nel sangue. Ovviamente questa \u00e8 l&#8217;ultima cosa di cui ha bisogno una persona che gi\u00e0\u00a0ha un sistema immunitario compromesso. Spesso i pazienti si sentono meglio evitando il glutine. Ma anche se non fosse cos\u00ec sarebbe meglio evitarle comunque per il processo\u00a0appena descritto.<\/span><\/p>\n<p><span style=\"font-size: 16px;\">Spesso i pazienti con la malattia di Hashimoto hanno la sindrome della permeabilit\u00e0 intestinale e tante intolleranze ai cibi. C&#8217;\u00e8 anche una correlazione tra la malattia di Hashimoto e celiachia\u00a0<a href=\"http:\/\/www.ncbi.nlm.nih.gov\/pmc\/articles\/PMC2730948\/\" target=\"_blank\">(ricerca scientifica condotta da Susan H. Barton e Joseph E. Murray)<\/a>.<\/span><\/p>\n<p><span style=\"font-size: 16px;\">Per trovare dei prodotti senza glutine si pu\u00f2 registrarsi all AIC \u00a0(Associazione Italiana Celiachia) per poter consultare\u00a0<a href=\"http:\/\/www.celiachia.it\/DIETA\/prontuario\/accesso_prontuario_online.aspx?SS=185&amp;M=428\" target=\"_blank\">il prontuario<\/a>. In teoria sarebbe meglio evitare i prodotti senza glutine processati perch\u00e8 molto spesso contengono chimici e ingredienti OGM. Per esempio tanti prodotti senza glutine contengono lupina, che di natura ha un gusto amaro, ma \u00e8 stata\u00a0<a href=\"http:\/\/www.lupins.org\/lupins\/\" target=\"_blank\">geneticamente modificato<\/a>\u00a0per renderla dolce. Quasi tutti mix di farina senza glutine gi\u00e0 pronti contengono\u00a0E464\u00a0<a href=\"http:\/\/www.rischiochimico.it\/drupal\/additivi-alimentari-da-e400-e499-addensanti-stabilizzanti-e-emulsionanti\" target=\"_blank\">Idrossipropilmetilcellulosa<\/a>. Sarebbe meglio fare un proprio mix di farina in casa o evitare la farina completamente e sostituire con grano saraceno (consentito dal prontuario), farina di mandorle fatta in casa ecc.\u00a0<\/span><\/p>\n<p><span style=\"font-size: 16px;\"><\/span><\/p>\n<p><a href=\"http:\/\/nogsteedshypo.nl\/wp-content\/uploads\/2013\/11\/glutenfree.jpg\"><img loading=\"lazy\" decoding=\"async\" class=\"aligncenter size-medium wp-image-1346\" src=\"http:\/\/nogsteedshypo.nl\/wp-content\/uploads\/2013\/11\/glutenfree-300x300.jpg\" alt=\"glutenfree\" width=\"300\" height=\"300\" srcset=\"https:\/\/nogsteedshypo.nl\/wp-content\/uploads\/2013\/11\/glutenfree-300x300.jpg 300w, https:\/\/nogsteedshypo.nl\/wp-content\/uploads\/2013\/11\/glutenfree-150x150.jpg 150w, https:\/\/nogsteedshypo.nl\/wp-content\/uploads\/2013\/11\/glutenfree-1024x1024.jpg 1024w, https:\/\/nogsteedshypo.nl\/wp-content\/uploads\/2013\/11\/glutenfree-230x230.jpg 230w, https:\/\/nogsteedshypo.nl\/wp-content\/uploads\/2013\/11\/glutenfree-80x80.jpg 80w, https:\/\/nogsteedshypo.nl\/wp-content\/uploads\/2013\/11\/glutenfree.jpg 1600w\" sizes=\"auto, (max-width: 300px) 100vw, 300px\" \/><\/a><br \/>\n<\/p>\n<\/div><div id=\"post-footer-831\" class=\"post-footer clear\"><\/div>","protected":false},"excerpt":{"rendered":"<p>Per pazienti con la malattia di\u00a0Hashimoto, una malattia autoimmune in cui il corpo sbaglia e attaca la tiroide distruggendola, \u00e8 meglio togliere\u00a0completamente\u00a0il glutine dalla dieta. Il glutine, oltre al fatto che il grano presumibilmente \u00e8 stato modificato geneticamente negli anni&hellip; <a href=\"https:\/\/nogsteedshypo.nl\/glutine2\/\" title=\"Continue reading &laquo;glutine&raquo;\" class=\"more-link\">Continue reading &laquo;glutine&raquo;<\/a><\/p>\n","protected":false},"author":1,"featured_media":0,"parent":0,"menu_order":0,"comment_status":"closed","ping_status":"closed","template":"","meta":{"footnotes":""},"class_list":["post-831","page","type-page","status-publish","hentry"],"yoast_head":"<!-- This site is optimized with the Yoast SEO plugin v27.4 - https:\/\/yoast.com\/product\/yoast-seo-wordpress\/ -->\n<title>glutine - Nog Steeds Hypo<\/title>\n<meta name=\"robots\" content=\"index, follow, max-snippet:-1, max-image-preview:large, max-video-preview:-1\" \/>\n<link rel=\"canonical\" href=\"https:\/\/nogsteedshypo.nl\/?page_id=831\" \/>\n<meta property=\"og:locale\" content=\"it_IT\" \/>\n<meta property=\"og:type\" content=\"article\" \/>\n<meta property=\"og:title\" content=\"glutine - Nog Steeds Hypo\" \/>\n<meta property=\"og:description\" content=\"Per pazienti con la malattia di\u00a0Hashimoto, una malattia autoimmune in cui il corpo sbaglia e attaca la tiroide distruggendola, \u00e8 meglio togliere\u00a0completamente\u00a0il glutine dalla dieta. Il glutine, oltre al fatto che il grano presumibilmente \u00e8 stato modificato geneticamente negli anni&hellip; Continue reading &laquo;glutine&raquo;\" \/>\n<meta property=\"og:url\" content=\"https:\/\/nogsteedshypo.nl\/?page_id=831\" \/>\n<meta property=\"og:site_name\" content=\"Nog Steeds Hypo\" \/>\n<meta property=\"article:publisher\" content=\"https:\/\/www.facebook.com\/AncoraIpo\" \/>\n<meta property=\"article:modified_time\" content=\"2014-06-11T13:21:09+00:00\" \/>\n<meta property=\"og:image\" content=\"http:\/\/nogsteedshypo.nl\/wp-content\/uploads\/2013\/11\/glutenfree-300x300.jpg\" \/>\n<meta name=\"twitter:label1\" content=\"Tempo di lettura stimato\" \/>\n\t<meta name=\"twitter:data1\" content=\"1 minuto\" \/>\n<script type=\"application\/ld+json\" class=\"yoast-schema-graph\">{\"@context\":\"https:\\\/\\\/schema.org\",\"@graph\":[{\"@type\":\"WebPage\",\"@id\":\"https:\\\/\\\/nogsteedshypo.nl\\\/?page_id=831\",\"url\":\"https:\\\/\\\/nogsteedshypo.nl\\\/?page_id=831\",\"name\":\"glutine - Nog Steeds Hypo\",\"isPartOf\":{\"@id\":\"http:\\\/\\\/nogsteedshypo.nl\\\/#website\"},\"primaryImageOfPage\":{\"@id\":\"https:\\\/\\\/nogsteedshypo.nl\\\/?page_id=831#primaryimage\"},\"image\":{\"@id\":\"https:\\\/\\\/nogsteedshypo.nl\\\/?page_id=831#primaryimage\"},\"thumbnailUrl\":\"http:\\\/\\\/nogsteedshypo.nl\\\/wp-content\\\/uploads\\\/2013\\\/11\\\/glutenfree-300x300.jpg\",\"datePublished\":\"2013-11-09T23:22:40+00:00\",\"dateModified\":\"2014-06-11T13:21:09+00:00\",\"breadcrumb\":{\"@id\":\"https:\\\/\\\/nogsteedshypo.nl\\\/?page_id=831#breadcrumb\"},\"inLanguage\":\"it-IT\",\"potentialAction\":[{\"@type\":\"ReadAction\",\"target\":[\"https:\\\/\\\/nogsteedshypo.nl\\\/?page_id=831\"]}]},{\"@type\":\"ImageObject\",\"inLanguage\":\"it-IT\",\"@id\":\"https:\\\/\\\/nogsteedshypo.nl\\\/?page_id=831#primaryimage\",\"url\":\"https:\\\/\\\/nogsteedshypo.nl\\\/wp-content\\\/uploads\\\/2013\\\/11\\\/glutenfree.jpg\",\"contentUrl\":\"https:\\\/\\\/nogsteedshypo.nl\\\/wp-content\\\/uploads\\\/2013\\\/11\\\/glutenfree.jpg\",\"width\":1600,\"height\":1600},{\"@type\":\"BreadcrumbList\",\"@id\":\"https:\\\/\\\/nogsteedshypo.nl\\\/?page_id=831#breadcrumb\",\"itemListElement\":[{\"@type\":\"ListItem\",\"position\":1,\"name\":\"Home\",\"item\":\"http:\\\/\\\/nogsteedshypo.nl\\\/\"},{\"@type\":\"ListItem\",\"position\":2,\"name\":\"glutine\"}]},{\"@type\":\"WebSite\",\"@id\":\"http:\\\/\\\/nogsteedshypo.nl\\\/#website\",\"url\":\"http:\\\/\\\/nogsteedshypo.nl\\\/\",\"name\":\"Ancora ipo\",\"description\":\"Als de standaardmedicijnen niet werken\u2026\",\"publisher\":{\"@id\":\"http:\\\/\\\/nogsteedshypo.nl\\\/#organization\"},\"potentialAction\":[{\"@type\":\"SearchAction\",\"target\":{\"@type\":\"EntryPoint\",\"urlTemplate\":\"http:\\\/\\\/nogsteedshypo.nl\\\/?s={search_term_string}\"},\"query-input\":{\"@type\":\"PropertyValueSpecification\",\"valueRequired\":true,\"valueName\":\"search_term_string\"}}],\"inLanguage\":\"it-IT\"},{\"@type\":\"Organization\",\"@id\":\"http:\\\/\\\/nogsteedshypo.nl\\\/#organization\",\"name\":\"Ancora ipo\",\"url\":\"http:\\\/\\\/nogsteedshypo.nl\\\/\",\"logo\":{\"@type\":\"ImageObject\",\"inLanguage\":\"it-IT\",\"@id\":\"http:\\\/\\\/nogsteedshypo.nl\\\/#\\\/schema\\\/logo\\\/image\\\/\",\"url\":\"http:\\\/\\\/nogsteedshypo.nl\\\/wp-content\\\/uploads\\\/2013\\\/10\\\/cropped-cropped-cropped-kleinere-foto-gedownload-voor-header-site2-1.jpg\",\"contentUrl\":\"http:\\\/\\\/nogsteedshypo.nl\\\/wp-content\\\/uploads\\\/2013\\\/10\\\/cropped-cropped-cropped-kleinere-foto-gedownload-voor-header-site2-1.jpg\",\"width\":800,\"height\":380,\"caption\":\"Ancora ipo\"},\"image\":{\"@id\":\"http:\\\/\\\/nogsteedshypo.nl\\\/#\\\/schema\\\/logo\\\/image\\\/\"},\"sameAs\":[\"https:\\\/\\\/www.facebook.com\\\/AncoraIpo\"]}]}<\/script>\n<!-- \/ Yoast SEO plugin. -->","yoast_head_json":{"title":"glutine - Nog Steeds Hypo","robots":{"index":"index","follow":"follow","max-snippet":"max-snippet:-1","max-image-preview":"max-image-preview:large","max-video-preview":"max-video-preview:-1"},"canonical":"https:\/\/nogsteedshypo.nl\/?page_id=831","og_locale":"it_IT","og_type":"article","og_title":"glutine - Nog Steeds Hypo","og_description":"Per pazienti con la malattia di\u00a0Hashimoto, una malattia autoimmune in cui il corpo sbaglia e attaca la tiroide distruggendola, \u00e8 meglio togliere\u00a0completamente\u00a0il glutine dalla dieta. Il glutine, oltre al fatto che il grano presumibilmente \u00e8 stato modificato geneticamente negli anni&hellip; Continue reading &laquo;glutine&raquo;","og_url":"https:\/\/nogsteedshypo.nl\/?page_id=831","og_site_name":"Nog Steeds Hypo","article_publisher":"https:\/\/www.facebook.com\/AncoraIpo","article_modified_time":"2014-06-11T13:21:09+00:00","og_image":[{"url":"http:\/\/nogsteedshypo.nl\/wp-content\/uploads\/2013\/11\/glutenfree-300x300.jpg","type":"","width":"","height":""}],"twitter_misc":{"Tempo di lettura stimato":"1 minuto"},"schema":{"@context":"https:\/\/schema.org","@graph":[{"@type":"WebPage","@id":"https:\/\/nogsteedshypo.nl\/?page_id=831","url":"https:\/\/nogsteedshypo.nl\/?page_id=831","name":"glutine - Nog Steeds Hypo","isPartOf":{"@id":"http:\/\/nogsteedshypo.nl\/#website"},"primaryImageOfPage":{"@id":"https:\/\/nogsteedshypo.nl\/?page_id=831#primaryimage"},"image":{"@id":"https:\/\/nogsteedshypo.nl\/?page_id=831#primaryimage"},"thumbnailUrl":"http:\/\/nogsteedshypo.nl\/wp-content\/uploads\/2013\/11\/glutenfree-300x300.jpg","datePublished":"2013-11-09T23:22:40+00:00","dateModified":"2014-06-11T13:21:09+00:00","breadcrumb":{"@id":"https:\/\/nogsteedshypo.nl\/?page_id=831#breadcrumb"},"inLanguage":"it-IT","potentialAction":[{"@type":"ReadAction","target":["https:\/\/nogsteedshypo.nl\/?page_id=831"]}]},{"@type":"ImageObject","inLanguage":"it-IT","@id":"https:\/\/nogsteedshypo.nl\/?page_id=831#primaryimage","url":"https:\/\/nogsteedshypo.nl\/wp-content\/uploads\/2013\/11\/glutenfree.jpg","contentUrl":"https:\/\/nogsteedshypo.nl\/wp-content\/uploads\/2013\/11\/glutenfree.jpg","width":1600,"height":1600},{"@type":"BreadcrumbList","@id":"https:\/\/nogsteedshypo.nl\/?page_id=831#breadcrumb","itemListElement":[{"@type":"ListItem","position":1,"name":"Home","item":"http:\/\/nogsteedshypo.nl\/"},{"@type":"ListItem","position":2,"name":"glutine"}]},{"@type":"WebSite","@id":"http:\/\/nogsteedshypo.nl\/#website","url":"http:\/\/nogsteedshypo.nl\/","name":"Ancora ipo","description":"Als de standaardmedicijnen niet werken\u2026","publisher":{"@id":"http:\/\/nogsteedshypo.nl\/#organization"},"potentialAction":[{"@type":"SearchAction","target":{"@type":"EntryPoint","urlTemplate":"http:\/\/nogsteedshypo.nl\/?s={search_term_string}"},"query-input":{"@type":"PropertyValueSpecification","valueRequired":true,"valueName":"search_term_string"}}],"inLanguage":"it-IT"},{"@type":"Organization","@id":"http:\/\/nogsteedshypo.nl\/#organization","name":"Ancora ipo","url":"http:\/\/nogsteedshypo.nl\/","logo":{"@type":"ImageObject","inLanguage":"it-IT","@id":"http:\/\/nogsteedshypo.nl\/#\/schema\/logo\/image\/","url":"http:\/\/nogsteedshypo.nl\/wp-content\/uploads\/2013\/10\/cropped-cropped-cropped-kleinere-foto-gedownload-voor-header-site2-1.jpg","contentUrl":"http:\/\/nogsteedshypo.nl\/wp-content\/uploads\/2013\/10\/cropped-cropped-cropped-kleinere-foto-gedownload-voor-header-site2-1.jpg","width":800,"height":380,"caption":"Ancora ipo"},"image":{"@id":"http:\/\/nogsteedshypo.nl\/#\/schema\/logo\/image\/"},"sameAs":["https:\/\/www.facebook.com\/AncoraIpo"]}]}},"_links":{"self":[{"href":"https:\/\/nogsteedshypo.nl\/index.php?rest_route=\/wp\/v2\/pages\/831","targetHints":{"allow":["GET"]}}],"collection":[{"href":"https:\/\/nogsteedshypo.nl\/index.php?rest_route=\/wp\/v2\/pages"}],"about":[{"href":"https:\/\/nogsteedshypo.nl\/index.php?rest_route=\/wp\/v2\/types\/page"}],"author":[{"embeddable":true,"href":"https:\/\/nogsteedshypo.nl\/index.php?rest_route=\/wp\/v2\/users\/1"}],"replies":[{"embeddable":true,"href":"https:\/\/nogsteedshypo.nl\/index.php?rest_route=%2Fwp%2Fv2%2Fcomments&post=831"}],"version-history":[{"count":3,"href":"https:\/\/nogsteedshypo.nl\/index.php?rest_route=\/wp\/v2\/pages\/831\/revisions"}],"predecessor-version":[{"id":1347,"href":"https:\/\/nogsteedshypo.nl\/index.php?rest_route=\/wp\/v2\/pages\/831\/revisions\/1347"}],"wp:attachment":[{"href":"https:\/\/nogsteedshypo.nl\/index.php?rest_route=%2Fwp%2Fv2%2Fmedia&parent=831"}],"curies":[{"name":"wp","href":"https:\/\/api.w.org\/{rel}","templated":true}]}}