{"id":503,"date":"2013-10-18T13:25:16","date_gmt":"2013-10-18T13:25:16","guid":{"rendered":"http:\/\/nogsteedshypo.nl\/?page_id=503"},"modified":"2013-11-12T21:35:20","modified_gmt":"2013-11-12T21:35:20","slug":"fertilia","status":"publish","type":"page","link":"https:\/\/nogsteedshypo.nl\/?page_id=503","title":{"rendered":"Fertili\u00e0 (aborti spontanei)"},"content":{"rendered":"<div id=\"post-entry-excerpt-503\" class=\"entry-part\"><p><span style=\"font-size: 16px;\">Nell&#8217;uomo l&#8217;ipotiroidismo non trattato influisce negativamente sul\u00a0numero di spermatozoi. Nella donna l&#8217;ipotiroidismo non trattato causa irregolarit\u00e0 del ciclo perci\u00f2 diminuisce la possibilit\u00e0 di rimanere in gravidanza. Se nonostante l\u2019ipotiroidismo non trattato, la donna rimane in stato interessante, la possibilit\u00e0 di aborto spontaneo \u00e8 molto elevata rispetto alle donne eutiroidee ossia non ipotiroidee n\u00e9 ipertiroidee. Siccome nel feto non si \u00e8 ancora svillupata la ghiandola tiroidea, durante le prime 12 settimane della gravidanza, lo sviluppo del feto stesso, dipende ancora completamente dall&#8217;ormone tiroideo della madre. Se la madre soffre di ipotiroidismo non trattato si moltiplicano i rischi di: aborto spontaneo, parto precoce, neonato morto alla nascita o bambino non sviluppato correttamente. \u00a0\u00a0<\/span><\/p>\n<p><span style=\"font-size: 16px;\">Una donna con una storia di aborti spontanei che si ripetono dovrebbe\u00a0<a href=\"http:\/\/nogsteedshypo.nl\/?page_id=424\" target=\"_blank\">controllare i valori della tiroide<\/a>. Non solo il TSH, ma anche l\u2019FT3 e L&#8217; FT4 che non sono da confondere con il T3 e T4. Esiste anche un <a href=\"http:\/\/drvergini.it\/barnes\/\" target=\"_blank\">test della temperatura<\/a> che si pu\u00f2 fare a casa. Se una donna ha degli aborti spontanei mentre prende levotirixona (cio\u00e8 medicine come l\u2019Eutirox, Syntroxine, Tiracrin e Tirosint), potrebbe significare che per lei la levotiroxina non \u00e8 la cura migliore e quindi potrebbe provare un altra cura non standard, come descritto in questo sito, sotto controllo medico, preferibilmente scegliendo <a href=\"http:\/\/nogsteedshypo.nl\/?page_id=233\" target=\"_blank\">i medici che lavorano con la tiroide secca e l\u2019IBSA<\/a>.<\/span><\/p>\n<p><span style=\"font-size: 16px;\"><strong>Cosa pu\u00f2 fare una donna ipotiroidea per aumentare la possibilit\u00e0 di rimanere in gravidanza?<\/strong><\/span><\/p>\n<p><span style=\"font-size: 16px;\">Per aumentare la possibilit\u00e0 di rimanere in gravidanza e di portare a termine il parto, dando alla luce un figlio sano e per evitare il rischio di un parto precoce, pu\u00f2 consultare un medico che sappia lavorare con la tiroide secca e l\u2019IBSA. Questa scelta l\u2019aiutarebbe a mettersi nelle condizioni fisiche giuste (non solo a livello di TSH). Se l\u2019ipotiroidismo ha causa autoimmune, (<a href=\"http:\/\/nogsteedshypo.nl\/?page_id=506\" target=\"_blank\">malattia di Hashimoto<\/a> chiamata anche tiroidite di Hashimoto o tiroidite autoimmune) sarebbe opportuno che la futura mamma evitasse completamente I cibi contenenti glutine per il processo descritto <a href=\"http:\/\/nogsteedshypo.nl\/?page_id=831\" target=\"_blank\">qui<\/a>. (<a href=\"http:\/\/www.ncbi.nlm.nih.gov\/pmc\/articles\/PMC96126\/\" target=\"_blank\">Fonte<\/a>)<\/span><\/p>\n<p><strong><span style=\"font-size: 16px;\">\u00a0<\/span><\/strong><\/p>\n<p><a href=\"http:\/\/nogsteedshypo.nl\/wp-content\/uploads\/2013\/10\/miscarriage-cropped.jpg\"><img loading=\"lazy\" decoding=\"async\" class=\"aligncenter size-full wp-image-495\" alt=\"miscarriage cropped\" src=\"http:\/\/nogsteedshypo.nl\/wp-content\/uploads\/2013\/10\/miscarriage-cropped.jpg\" width=\"752\" height=\"462\" srcset=\"https:\/\/nogsteedshypo.nl\/wp-content\/uploads\/2013\/10\/miscarriage-cropped.jpg 752w, https:\/\/nogsteedshypo.nl\/wp-content\/uploads\/2013\/10\/miscarriage-cropped-300x184.jpg 300w\" sizes=\"auto, (max-width: 752px) 100vw, 752px\" \/><\/a><\/p>\n<\/div><div id=\"post-footer-503\" class=\"post-footer clear\"><\/div>","protected":false},"excerpt":{"rendered":"<p>Nell&#8217;uomo l&#8217;ipotiroidismo non trattato influisce negativamente sul\u00a0numero di spermatozoi. Nella donna l&#8217;ipotiroidismo non trattato causa irregolarit\u00e0 del ciclo perci\u00f2 diminuisce la possibilit\u00e0 di rimanere in gravidanza. Se nonostante l\u2019ipotiroidismo non trattato, la donna rimane in stato interessante, la possibilit\u00e0 di&hellip; <a href=\"https:\/\/nogsteedshypo.nl\/fertilia\/\" title=\"Continue reading &laquo;Fertili\u00e0 (aborti spontanei)&raquo;\" class=\"more-link\">Continue reading &laquo;Fertili\u00e0 (aborti spontanei)&raquo;<\/a><\/p>\n","protected":false},"author":1,"featured_media":0,"parent":0,"menu_order":0,"comment_status":"closed","ping_status":"closed","template":"","meta":{"footnotes":""},"class_list":["post-503","page","type-page","status-publish","hentry"],"yoast_head":"<!-- This site is optimized with the Yoast SEO plugin v27.4 - https:\/\/yoast.com\/product\/yoast-seo-wordpress\/ -->\n<title>Fertili\u00e0 (aborti spontanei) - Nog Steeds Hypo<\/title>\n<meta name=\"robots\" content=\"index, follow, max-snippet:-1, max-image-preview:large, max-video-preview:-1\" \/>\n<link rel=\"canonical\" href=\"https:\/\/nogsteedshypo.nl\/?page_id=503\" \/>\n<meta property=\"og:locale\" content=\"it_IT\" \/>\n<meta property=\"og:type\" content=\"article\" \/>\n<meta property=\"og:title\" content=\"Fertili\u00e0 (aborti spontanei) - Nog Steeds Hypo\" \/>\n<meta property=\"og:description\" content=\"Nell&#8217;uomo l&#8217;ipotiroidismo non trattato influisce negativamente sul\u00a0numero di spermatozoi. Nella donna l&#8217;ipotiroidismo non trattato causa irregolarit\u00e0 del ciclo perci\u00f2 diminuisce la possibilit\u00e0 di rimanere in gravidanza. Se nonostante l\u2019ipotiroidismo non trattato, la donna rimane in stato interessante, la possibilit\u00e0 di&hellip; Continue reading &laquo;Fertili\u00e0 (aborti spontanei)&raquo;\" \/>\n<meta property=\"og:url\" content=\"https:\/\/nogsteedshypo.nl\/?page_id=503\" \/>\n<meta property=\"og:site_name\" content=\"Nog Steeds Hypo\" \/>\n<meta property=\"article:publisher\" content=\"https:\/\/www.facebook.com\/AncoraIpo\" \/>\n<meta property=\"article:modified_time\" content=\"2013-11-12T21:35:20+00:00\" \/>\n<meta property=\"og:image\" content=\"http:\/\/nogsteedshypo.nl\/wp-content\/uploads\/2013\/10\/miscarriage-cropped.jpg\" \/>\n<meta name=\"twitter:label1\" content=\"Tempo di lettura stimato\" \/>\n\t<meta name=\"twitter:data1\" content=\"2 minuti\" \/>\n<script type=\"application\/ld+json\" class=\"yoast-schema-graph\">{\"@context\":\"https:\\\/\\\/schema.org\",\"@graph\":[{\"@type\":\"WebPage\",\"@id\":\"https:\\\/\\\/nogsteedshypo.nl\\\/?page_id=503\",\"url\":\"https:\\\/\\\/nogsteedshypo.nl\\\/?page_id=503\",\"name\":\"Fertili\u00e0 (aborti spontanei) - Nog Steeds Hypo\",\"isPartOf\":{\"@id\":\"http:\\\/\\\/nogsteedshypo.nl\\\/#website\"},\"primaryImageOfPage\":{\"@id\":\"https:\\\/\\\/nogsteedshypo.nl\\\/?page_id=503#primaryimage\"},\"image\":{\"@id\":\"https:\\\/\\\/nogsteedshypo.nl\\\/?page_id=503#primaryimage\"},\"thumbnailUrl\":\"http:\\\/\\\/nogsteedshypo.nl\\\/wp-content\\\/uploads\\\/2013\\\/10\\\/miscarriage-cropped.jpg\",\"datePublished\":\"2013-10-18T13:25:16+00:00\",\"dateModified\":\"2013-11-12T21:35:20+00:00\",\"breadcrumb\":{\"@id\":\"https:\\\/\\\/nogsteedshypo.nl\\\/?page_id=503#breadcrumb\"},\"inLanguage\":\"it-IT\",\"potentialAction\":[{\"@type\":\"ReadAction\",\"target\":[\"https:\\\/\\\/nogsteedshypo.nl\\\/?page_id=503\"]}]},{\"@type\":\"ImageObject\",\"inLanguage\":\"it-IT\",\"@id\":\"https:\\\/\\\/nogsteedshypo.nl\\\/?page_id=503#primaryimage\",\"url\":\"https:\\\/\\\/nogsteedshypo.nl\\\/wp-content\\\/uploads\\\/2013\\\/10\\\/miscarriage-cropped.jpg\",\"contentUrl\":\"https:\\\/\\\/nogsteedshypo.nl\\\/wp-content\\\/uploads\\\/2013\\\/10\\\/miscarriage-cropped.jpg\",\"width\":752,\"height\":462},{\"@type\":\"BreadcrumbList\",\"@id\":\"https:\\\/\\\/nogsteedshypo.nl\\\/?page_id=503#breadcrumb\",\"itemListElement\":[{\"@type\":\"ListItem\",\"position\":1,\"name\":\"Home\",\"item\":\"http:\\\/\\\/nogsteedshypo.nl\\\/\"},{\"@type\":\"ListItem\",\"position\":2,\"name\":\"Fertili\u00e0 (aborti spontanei)\"}]},{\"@type\":\"WebSite\",\"@id\":\"http:\\\/\\\/nogsteedshypo.nl\\\/#website\",\"url\":\"http:\\\/\\\/nogsteedshypo.nl\\\/\",\"name\":\"Ancora ipo\",\"description\":\"Als de standaardmedicijnen niet werken\u2026\",\"publisher\":{\"@id\":\"http:\\\/\\\/nogsteedshypo.nl\\\/#organization\"},\"potentialAction\":[{\"@type\":\"SearchAction\",\"target\":{\"@type\":\"EntryPoint\",\"urlTemplate\":\"http:\\\/\\\/nogsteedshypo.nl\\\/?s={search_term_string}\"},\"query-input\":{\"@type\":\"PropertyValueSpecification\",\"valueRequired\":true,\"valueName\":\"search_term_string\"}}],\"inLanguage\":\"it-IT\"},{\"@type\":\"Organization\",\"@id\":\"http:\\\/\\\/nogsteedshypo.nl\\\/#organization\",\"name\":\"Ancora ipo\",\"url\":\"http:\\\/\\\/nogsteedshypo.nl\\\/\",\"logo\":{\"@type\":\"ImageObject\",\"inLanguage\":\"it-IT\",\"@id\":\"http:\\\/\\\/nogsteedshypo.nl\\\/#\\\/schema\\\/logo\\\/image\\\/\",\"url\":\"http:\\\/\\\/nogsteedshypo.nl\\\/wp-content\\\/uploads\\\/2013\\\/10\\\/cropped-cropped-cropped-kleinere-foto-gedownload-voor-header-site2-1.jpg\",\"contentUrl\":\"http:\\\/\\\/nogsteedshypo.nl\\\/wp-content\\\/uploads\\\/2013\\\/10\\\/cropped-cropped-cropped-kleinere-foto-gedownload-voor-header-site2-1.jpg\",\"width\":800,\"height\":380,\"caption\":\"Ancora ipo\"},\"image\":{\"@id\":\"http:\\\/\\\/nogsteedshypo.nl\\\/#\\\/schema\\\/logo\\\/image\\\/\"},\"sameAs\":[\"https:\\\/\\\/www.facebook.com\\\/AncoraIpo\"]}]}<\/script>\n<!-- \/ Yoast SEO plugin. -->","yoast_head_json":{"title":"Fertili\u00e0 (aborti spontanei) - Nog Steeds Hypo","robots":{"index":"index","follow":"follow","max-snippet":"max-snippet:-1","max-image-preview":"max-image-preview:large","max-video-preview":"max-video-preview:-1"},"canonical":"https:\/\/nogsteedshypo.nl\/?page_id=503","og_locale":"it_IT","og_type":"article","og_title":"Fertili\u00e0 (aborti spontanei) - Nog Steeds Hypo","og_description":"Nell&#8217;uomo l&#8217;ipotiroidismo non trattato influisce negativamente sul\u00a0numero di spermatozoi. Nella donna l&#8217;ipotiroidismo non trattato causa irregolarit\u00e0 del ciclo perci\u00f2 diminuisce la possibilit\u00e0 di rimanere in gravidanza. Se nonostante l\u2019ipotiroidismo non trattato, la donna rimane in stato interessante, la possibilit\u00e0 di&hellip; Continue reading &laquo;Fertili\u00e0 (aborti spontanei)&raquo;","og_url":"https:\/\/nogsteedshypo.nl\/?page_id=503","og_site_name":"Nog Steeds Hypo","article_publisher":"https:\/\/www.facebook.com\/AncoraIpo","article_modified_time":"2013-11-12T21:35:20+00:00","og_image":[{"url":"http:\/\/nogsteedshypo.nl\/wp-content\/uploads\/2013\/10\/miscarriage-cropped.jpg","type":"","width":"","height":""}],"twitter_misc":{"Tempo di lettura stimato":"2 minuti"},"schema":{"@context":"https:\/\/schema.org","@graph":[{"@type":"WebPage","@id":"https:\/\/nogsteedshypo.nl\/?page_id=503","url":"https:\/\/nogsteedshypo.nl\/?page_id=503","name":"Fertili\u00e0 (aborti spontanei) - Nog Steeds Hypo","isPartOf":{"@id":"http:\/\/nogsteedshypo.nl\/#website"},"primaryImageOfPage":{"@id":"https:\/\/nogsteedshypo.nl\/?page_id=503#primaryimage"},"image":{"@id":"https:\/\/nogsteedshypo.nl\/?page_id=503#primaryimage"},"thumbnailUrl":"http:\/\/nogsteedshypo.nl\/wp-content\/uploads\/2013\/10\/miscarriage-cropped.jpg","datePublished":"2013-10-18T13:25:16+00:00","dateModified":"2013-11-12T21:35:20+00:00","breadcrumb":{"@id":"https:\/\/nogsteedshypo.nl\/?page_id=503#breadcrumb"},"inLanguage":"it-IT","potentialAction":[{"@type":"ReadAction","target":["https:\/\/nogsteedshypo.nl\/?page_id=503"]}]},{"@type":"ImageObject","inLanguage":"it-IT","@id":"https:\/\/nogsteedshypo.nl\/?page_id=503#primaryimage","url":"https:\/\/nogsteedshypo.nl\/wp-content\/uploads\/2013\/10\/miscarriage-cropped.jpg","contentUrl":"https:\/\/nogsteedshypo.nl\/wp-content\/uploads\/2013\/10\/miscarriage-cropped.jpg","width":752,"height":462},{"@type":"BreadcrumbList","@id":"https:\/\/nogsteedshypo.nl\/?page_id=503#breadcrumb","itemListElement":[{"@type":"ListItem","position":1,"name":"Home","item":"http:\/\/nogsteedshypo.nl\/"},{"@type":"ListItem","position":2,"name":"Fertili\u00e0 (aborti spontanei)"}]},{"@type":"WebSite","@id":"http:\/\/nogsteedshypo.nl\/#website","url":"http:\/\/nogsteedshypo.nl\/","name":"Ancora ipo","description":"Als de standaardmedicijnen niet werken\u2026","publisher":{"@id":"http:\/\/nogsteedshypo.nl\/#organization"},"potentialAction":[{"@type":"SearchAction","target":{"@type":"EntryPoint","urlTemplate":"http:\/\/nogsteedshypo.nl\/?s={search_term_string}"},"query-input":{"@type":"PropertyValueSpecification","valueRequired":true,"valueName":"search_term_string"}}],"inLanguage":"it-IT"},{"@type":"Organization","@id":"http:\/\/nogsteedshypo.nl\/#organization","name":"Ancora ipo","url":"http:\/\/nogsteedshypo.nl\/","logo":{"@type":"ImageObject","inLanguage":"it-IT","@id":"http:\/\/nogsteedshypo.nl\/#\/schema\/logo\/image\/","url":"http:\/\/nogsteedshypo.nl\/wp-content\/uploads\/2013\/10\/cropped-cropped-cropped-kleinere-foto-gedownload-voor-header-site2-1.jpg","contentUrl":"http:\/\/nogsteedshypo.nl\/wp-content\/uploads\/2013\/10\/cropped-cropped-cropped-kleinere-foto-gedownload-voor-header-site2-1.jpg","width":800,"height":380,"caption":"Ancora ipo"},"image":{"@id":"http:\/\/nogsteedshypo.nl\/#\/schema\/logo\/image\/"},"sameAs":["https:\/\/www.facebook.com\/AncoraIpo"]}]}},"_links":{"self":[{"href":"https:\/\/nogsteedshypo.nl\/index.php?rest_route=\/wp\/v2\/pages\/503","targetHints":{"allow":["GET"]}}],"collection":[{"href":"https:\/\/nogsteedshypo.nl\/index.php?rest_route=\/wp\/v2\/pages"}],"about":[{"href":"https:\/\/nogsteedshypo.nl\/index.php?rest_route=\/wp\/v2\/types\/page"}],"author":[{"embeddable":true,"href":"https:\/\/nogsteedshypo.nl\/index.php?rest_route=\/wp\/v2\/users\/1"}],"replies":[{"embeddable":true,"href":"https:\/\/nogsteedshypo.nl\/index.php?rest_route=%2Fwp%2Fv2%2Fcomments&post=503"}],"version-history":[{"count":29,"href":"https:\/\/nogsteedshypo.nl\/index.php?rest_route=\/wp\/v2\/pages\/503\/revisions"}],"predecessor-version":[{"id":851,"href":"https:\/\/nogsteedshypo.nl\/index.php?rest_route=\/wp\/v2\/pages\/503\/revisions\/851"}],"wp:attachment":[{"href":"https:\/\/nogsteedshypo.nl\/index.php?rest_route=%2Fwp%2Fv2%2Fmedia&parent=503"}],"curies":[{"name":"wp","href":"https:\/\/api.w.org\/{rel}","templated":true}]}}