{"id":332,"date":"2013-10-12T16:33:33","date_gmt":"2013-10-12T16:33:33","guid":{"rendered":"http:\/\/nogsteedshypo.nl\/?page_id=332"},"modified":"2013-12-21T19:05:15","modified_gmt":"2013-12-21T19:05:15","slug":"libsa-t3t4-sintetici","status":"publish","type":"page","link":"https:\/\/nogsteedshypo.nl\/?page_id=332","title":{"rendered":"l&#8217;IBSA (T3+T4 sintetici)"},"content":{"rendered":"<div id=\"post-entry-excerpt-332\" class=\"entry-part\"><p><span style=\"font-size: 16px;\">L&#8217;IBSA \u00e8 una medicina che consiste di <a href=\"http:\/\/nogsteedshypo.nl\/?page_id=312\" target=\"_blank\">T3<\/a> e T4 sintetici (T4 = levotiroxina come presente nell Eutirox, Syntroxine, Tiracrin e Tirosint). Quindi si potrebbe dire che l&#8217;IBSA \u00e8 come l&#8217;Eutirox, ma con l&#8217;aggiunta di T3 sintetico.\u00a0<\/span><span style=\"font-size: 16px;\">Secondo alcuni medici l&#8217;IBSA sarebbe da preferire alla\u00a0<a href=\"http:\/\/nogsteedshypo.nl\/?page_id=301\" target=\"_blank\">secca<\/a>, perch\u00e8 la dose sarebbe pi\u00f9 stabile. In realt\u00e0 tantissimi pazienti stanno bene con la secca e non hanno problemi di stabilit\u00e0. Inoltre la levotiroxina \u00e8 stata richiamata tante volte e invece la secca raramente. Lo svantaggio dell IBSA \u00e8 che mancano 3 ormoni che produce la tiroide sana al contrario della\u00a0<a href=\"http:\/\/nogsteedshypo.nl\/?page_id=301\" target=\"_blank\">secca <\/a>che ne contiene. Di questi ormoni non sono ancora completamente conosciuti i loro ruoli. Si tratta di T1, T2 e calcitonina.<\/span><\/p>\n<p>&nbsp;<\/p>\n<p><a href=\"http:\/\/nogsteedshypo.nl\/wp-content\/uploads\/2013\/10\/pillen-ibsa-foto-canstock.jpg\"><img loading=\"lazy\" decoding=\"async\" class=\"aligncenter size-full wp-image-1152\" alt=\"pillen ibsa foto canstock\" src=\"http:\/\/nogsteedshypo.nl\/wp-content\/uploads\/2013\/10\/pillen-ibsa-foto-canstock.jpg\" width=\"800\" height=\"600\" srcset=\"https:\/\/nogsteedshypo.nl\/wp-content\/uploads\/2013\/10\/pillen-ibsa-foto-canstock.jpg 800w, https:\/\/nogsteedshypo.nl\/wp-content\/uploads\/2013\/10\/pillen-ibsa-foto-canstock-300x225.jpg 300w\" sizes=\"auto, (max-width: 800px) 100vw, 800px\" \/><\/a><\/p>\n<\/div><div id=\"post-footer-332\" class=\"post-footer clear\"><\/div>","protected":false},"excerpt":{"rendered":"<p>L&#8217;IBSA \u00e8 una medicina che consiste di T3 e T4 sintetici (T4 = levotiroxina come presente nell Eutirox, Syntroxine, Tiracrin e Tirosint). Quindi si potrebbe dire che l&#8217;IBSA \u00e8 come l&#8217;Eutirox, ma con l&#8217;aggiunta di T3 sintetico.\u00a0Secondo alcuni medici l&#8217;IBSA&hellip; <a href=\"https:\/\/nogsteedshypo.nl\/libsa-t3t4-sintetici\/\" title=\"Continue reading &laquo;l'IBSA (T3+T4 sintetici)&raquo;\" class=\"more-link\">Continue reading &laquo;l&#8217;IBSA (T3+T4 sintetici)&raquo;<\/a><\/p>\n","protected":false},"author":1,"featured_media":0,"parent":0,"menu_order":0,"comment_status":"closed","ping_status":"closed","template":"","meta":{"footnotes":""},"class_list":["post-332","page","type-page","status-publish","hentry"],"yoast_head":"<!-- This site is optimized with the Yoast SEO plugin v27.4 - https:\/\/yoast.com\/product\/yoast-seo-wordpress\/ -->\n<title>l&#039;IBSA (T3+T4 sintetici) - Nog Steeds Hypo<\/title>\n<meta name=\"robots\" content=\"index, follow, max-snippet:-1, max-image-preview:large, max-video-preview:-1\" \/>\n<link rel=\"canonical\" href=\"https:\/\/nogsteedshypo.nl\/?page_id=332\" \/>\n<meta property=\"og:locale\" content=\"it_IT\" \/>\n<meta property=\"og:type\" content=\"article\" \/>\n<meta property=\"og:title\" content=\"l&#039;IBSA (T3+T4 sintetici) - Nog Steeds Hypo\" \/>\n<meta property=\"og:description\" content=\"L&#8217;IBSA \u00e8 una medicina che consiste di T3 e T4 sintetici (T4 = levotiroxina come presente nell Eutirox, Syntroxine, Tiracrin e Tirosint). Quindi si potrebbe dire che l&#8217;IBSA \u00e8 come l&#8217;Eutirox, ma con l&#8217;aggiunta di T3 sintetico.\u00a0Secondo alcuni medici l&#8217;IBSA&hellip; Continue reading &laquo;l&#039;IBSA (T3+T4 sintetici)&raquo;\" \/>\n<meta property=\"og:url\" content=\"https:\/\/nogsteedshypo.nl\/?page_id=332\" \/>\n<meta property=\"og:site_name\" content=\"Nog Steeds Hypo\" \/>\n<meta property=\"article:publisher\" content=\"https:\/\/www.facebook.com\/AncoraIpo\" \/>\n<meta property=\"article:modified_time\" content=\"2013-12-21T19:05:15+00:00\" \/>\n<meta property=\"og:image\" content=\"http:\/\/nogsteedshypo.nl\/wp-content\/uploads\/2013\/10\/pillen-ibsa-foto-canstock.jpg\" \/>\n<meta name=\"twitter:label1\" content=\"Tempo di lettura stimato\" \/>\n\t<meta name=\"twitter:data1\" content=\"1 minuto\" \/>\n<script type=\"application\/ld+json\" class=\"yoast-schema-graph\">{\"@context\":\"https:\\\/\\\/schema.org\",\"@graph\":[{\"@type\":\"WebPage\",\"@id\":\"https:\\\/\\\/nogsteedshypo.nl\\\/?page_id=332\",\"url\":\"https:\\\/\\\/nogsteedshypo.nl\\\/?page_id=332\",\"name\":\"l'IBSA (T3+T4 sintetici) - Nog Steeds Hypo\",\"isPartOf\":{\"@id\":\"http:\\\/\\\/nogsteedshypo.nl\\\/#website\"},\"primaryImageOfPage\":{\"@id\":\"https:\\\/\\\/nogsteedshypo.nl\\\/?page_id=332#primaryimage\"},\"image\":{\"@id\":\"https:\\\/\\\/nogsteedshypo.nl\\\/?page_id=332#primaryimage\"},\"thumbnailUrl\":\"http:\\\/\\\/nogsteedshypo.nl\\\/wp-content\\\/uploads\\\/2013\\\/10\\\/pillen-ibsa-foto-canstock.jpg\",\"datePublished\":\"2013-10-12T16:33:33+00:00\",\"dateModified\":\"2013-12-21T19:05:15+00:00\",\"breadcrumb\":{\"@id\":\"https:\\\/\\\/nogsteedshypo.nl\\\/?page_id=332#breadcrumb\"},\"inLanguage\":\"it-IT\",\"potentialAction\":[{\"@type\":\"ReadAction\",\"target\":[\"https:\\\/\\\/nogsteedshypo.nl\\\/?page_id=332\"]}]},{\"@type\":\"ImageObject\",\"inLanguage\":\"it-IT\",\"@id\":\"https:\\\/\\\/nogsteedshypo.nl\\\/?page_id=332#primaryimage\",\"url\":\"https:\\\/\\\/nogsteedshypo.nl\\\/wp-content\\\/uploads\\\/2013\\\/10\\\/pillen-ibsa-foto-canstock.jpg\",\"contentUrl\":\"https:\\\/\\\/nogsteedshypo.nl\\\/wp-content\\\/uploads\\\/2013\\\/10\\\/pillen-ibsa-foto-canstock.jpg\",\"width\":800,\"height\":600},{\"@type\":\"BreadcrumbList\",\"@id\":\"https:\\\/\\\/nogsteedshypo.nl\\\/?page_id=332#breadcrumb\",\"itemListElement\":[{\"@type\":\"ListItem\",\"position\":1,\"name\":\"Home\",\"item\":\"http:\\\/\\\/nogsteedshypo.nl\\\/\"},{\"@type\":\"ListItem\",\"position\":2,\"name\":\"l&#8217;IBSA (T3+T4 sintetici)\"}]},{\"@type\":\"WebSite\",\"@id\":\"http:\\\/\\\/nogsteedshypo.nl\\\/#website\",\"url\":\"http:\\\/\\\/nogsteedshypo.nl\\\/\",\"name\":\"Ancora ipo\",\"description\":\"Als de standaardmedicijnen niet werken\u2026\",\"publisher\":{\"@id\":\"http:\\\/\\\/nogsteedshypo.nl\\\/#organization\"},\"potentialAction\":[{\"@type\":\"SearchAction\",\"target\":{\"@type\":\"EntryPoint\",\"urlTemplate\":\"http:\\\/\\\/nogsteedshypo.nl\\\/?s={search_term_string}\"},\"query-input\":{\"@type\":\"PropertyValueSpecification\",\"valueRequired\":true,\"valueName\":\"search_term_string\"}}],\"inLanguage\":\"it-IT\"},{\"@type\":\"Organization\",\"@id\":\"http:\\\/\\\/nogsteedshypo.nl\\\/#organization\",\"name\":\"Ancora ipo\",\"url\":\"http:\\\/\\\/nogsteedshypo.nl\\\/\",\"logo\":{\"@type\":\"ImageObject\",\"inLanguage\":\"it-IT\",\"@id\":\"http:\\\/\\\/nogsteedshypo.nl\\\/#\\\/schema\\\/logo\\\/image\\\/\",\"url\":\"http:\\\/\\\/nogsteedshypo.nl\\\/wp-content\\\/uploads\\\/2013\\\/10\\\/cropped-cropped-cropped-kleinere-foto-gedownload-voor-header-site2-1.jpg\",\"contentUrl\":\"http:\\\/\\\/nogsteedshypo.nl\\\/wp-content\\\/uploads\\\/2013\\\/10\\\/cropped-cropped-cropped-kleinere-foto-gedownload-voor-header-site2-1.jpg\",\"width\":800,\"height\":380,\"caption\":\"Ancora ipo\"},\"image\":{\"@id\":\"http:\\\/\\\/nogsteedshypo.nl\\\/#\\\/schema\\\/logo\\\/image\\\/\"},\"sameAs\":[\"https:\\\/\\\/www.facebook.com\\\/AncoraIpo\"]}]}<\/script>\n<!-- \/ Yoast SEO plugin. -->","yoast_head_json":{"title":"l'IBSA (T3+T4 sintetici) - Nog Steeds Hypo","robots":{"index":"index","follow":"follow","max-snippet":"max-snippet:-1","max-image-preview":"max-image-preview:large","max-video-preview":"max-video-preview:-1"},"canonical":"https:\/\/nogsteedshypo.nl\/?page_id=332","og_locale":"it_IT","og_type":"article","og_title":"l'IBSA (T3+T4 sintetici) - Nog Steeds Hypo","og_description":"L&#8217;IBSA \u00e8 una medicina che consiste di T3 e T4 sintetici (T4 = levotiroxina come presente nell Eutirox, Syntroxine, Tiracrin e Tirosint). Quindi si potrebbe dire che l&#8217;IBSA \u00e8 come l&#8217;Eutirox, ma con l&#8217;aggiunta di T3 sintetico.\u00a0Secondo alcuni medici l&#8217;IBSA&hellip; Continue reading &laquo;l'IBSA (T3+T4 sintetici)&raquo;","og_url":"https:\/\/nogsteedshypo.nl\/?page_id=332","og_site_name":"Nog Steeds Hypo","article_publisher":"https:\/\/www.facebook.com\/AncoraIpo","article_modified_time":"2013-12-21T19:05:15+00:00","og_image":[{"url":"http:\/\/nogsteedshypo.nl\/wp-content\/uploads\/2013\/10\/pillen-ibsa-foto-canstock.jpg","type":"","width":"","height":""}],"twitter_misc":{"Tempo di lettura stimato":"1 minuto"},"schema":{"@context":"https:\/\/schema.org","@graph":[{"@type":"WebPage","@id":"https:\/\/nogsteedshypo.nl\/?page_id=332","url":"https:\/\/nogsteedshypo.nl\/?page_id=332","name":"l'IBSA (T3+T4 sintetici) - Nog Steeds Hypo","isPartOf":{"@id":"http:\/\/nogsteedshypo.nl\/#website"},"primaryImageOfPage":{"@id":"https:\/\/nogsteedshypo.nl\/?page_id=332#primaryimage"},"image":{"@id":"https:\/\/nogsteedshypo.nl\/?page_id=332#primaryimage"},"thumbnailUrl":"http:\/\/nogsteedshypo.nl\/wp-content\/uploads\/2013\/10\/pillen-ibsa-foto-canstock.jpg","datePublished":"2013-10-12T16:33:33+00:00","dateModified":"2013-12-21T19:05:15+00:00","breadcrumb":{"@id":"https:\/\/nogsteedshypo.nl\/?page_id=332#breadcrumb"},"inLanguage":"it-IT","potentialAction":[{"@type":"ReadAction","target":["https:\/\/nogsteedshypo.nl\/?page_id=332"]}]},{"@type":"ImageObject","inLanguage":"it-IT","@id":"https:\/\/nogsteedshypo.nl\/?page_id=332#primaryimage","url":"https:\/\/nogsteedshypo.nl\/wp-content\/uploads\/2013\/10\/pillen-ibsa-foto-canstock.jpg","contentUrl":"https:\/\/nogsteedshypo.nl\/wp-content\/uploads\/2013\/10\/pillen-ibsa-foto-canstock.jpg","width":800,"height":600},{"@type":"BreadcrumbList","@id":"https:\/\/nogsteedshypo.nl\/?page_id=332#breadcrumb","itemListElement":[{"@type":"ListItem","position":1,"name":"Home","item":"http:\/\/nogsteedshypo.nl\/"},{"@type":"ListItem","position":2,"name":"l&#8217;IBSA (T3+T4 sintetici)"}]},{"@type":"WebSite","@id":"http:\/\/nogsteedshypo.nl\/#website","url":"http:\/\/nogsteedshypo.nl\/","name":"Ancora ipo","description":"Als de standaardmedicijnen niet werken\u2026","publisher":{"@id":"http:\/\/nogsteedshypo.nl\/#organization"},"potentialAction":[{"@type":"SearchAction","target":{"@type":"EntryPoint","urlTemplate":"http:\/\/nogsteedshypo.nl\/?s={search_term_string}"},"query-input":{"@type":"PropertyValueSpecification","valueRequired":true,"valueName":"search_term_string"}}],"inLanguage":"it-IT"},{"@type":"Organization","@id":"http:\/\/nogsteedshypo.nl\/#organization","name":"Ancora ipo","url":"http:\/\/nogsteedshypo.nl\/","logo":{"@type":"ImageObject","inLanguage":"it-IT","@id":"http:\/\/nogsteedshypo.nl\/#\/schema\/logo\/image\/","url":"http:\/\/nogsteedshypo.nl\/wp-content\/uploads\/2013\/10\/cropped-cropped-cropped-kleinere-foto-gedownload-voor-header-site2-1.jpg","contentUrl":"http:\/\/nogsteedshypo.nl\/wp-content\/uploads\/2013\/10\/cropped-cropped-cropped-kleinere-foto-gedownload-voor-header-site2-1.jpg","width":800,"height":380,"caption":"Ancora ipo"},"image":{"@id":"http:\/\/nogsteedshypo.nl\/#\/schema\/logo\/image\/"},"sameAs":["https:\/\/www.facebook.com\/AncoraIpo"]}]}},"_links":{"self":[{"href":"https:\/\/nogsteedshypo.nl\/index.php?rest_route=\/wp\/v2\/pages\/332","targetHints":{"allow":["GET"]}}],"collection":[{"href":"https:\/\/nogsteedshypo.nl\/index.php?rest_route=\/wp\/v2\/pages"}],"about":[{"href":"https:\/\/nogsteedshypo.nl\/index.php?rest_route=\/wp\/v2\/types\/page"}],"author":[{"embeddable":true,"href":"https:\/\/nogsteedshypo.nl\/index.php?rest_route=\/wp\/v2\/users\/1"}],"replies":[{"embeddable":true,"href":"https:\/\/nogsteedshypo.nl\/index.php?rest_route=%2Fwp%2Fv2%2Fcomments&post=332"}],"version-history":[{"count":14,"href":"https:\/\/nogsteedshypo.nl\/index.php?rest_route=\/wp\/v2\/pages\/332\/revisions"}],"predecessor-version":[{"id":1164,"href":"https:\/\/nogsteedshypo.nl\/index.php?rest_route=\/wp\/v2\/pages\/332\/revisions\/1164"}],"wp:attachment":[{"href":"https:\/\/nogsteedshypo.nl\/index.php?rest_route=%2Fwp%2Fv2%2Fmedia&parent=332"}],"curies":[{"name":"wp","href":"https:\/\/api.w.org\/{rel}","templated":true}]}}