{"id":230,"date":"2013-10-07T13:44:46","date_gmt":"2013-10-07T13:44:46","guid":{"rendered":"http:\/\/nogsteedshypo.nl\/?page_id=230"},"modified":"2013-11-05T23:18:16","modified_gmt":"2013-11-05T23:18:16","slug":"supplementi-beneficari","status":"publish","type":"page","link":"https:\/\/nogsteedshypo.nl\/?page_id=230","title":{"rendered":"Integratori"},"content":{"rendered":"<div id=\"post-entry-excerpt-230\" class=\"entry-part\"><p><span style=\"font-size: 16px;\">Ovviamente per ogni persona pu\u00f2 essere diverso, ma l&#8217;esperienza ci insegna che tanti pazienti di tiroide hanno, oltre agli ormoni tiroidei, bisogno degli seguenti integratori. Ovviamente si deve sempre assumere integratori sotto il controllo di un medico.<\/span><\/p>\n<p><span style=\"font-size: 16px;\"><strong><span style=\"text-decoration: underline;\">Multivitaminico<br \/>\n<\/span><\/strong><\/span><span style=\"font-size: 16px;\">L&#8217;ipotiroidismo pu\u00f2 causare una riduzione dalle secrezioni digestivi, perci\u00f2 vengono compromessi la digestione e l&#8217;assorbimento dei nutrienti. Per questo motivo \u00e8 consigliabile assumere un multivitaminico. <a href=\"http:\/\/www.thyroiduk.org.uk\/tuk\/treatment\/vitamins.html\" target=\"_blank\">(fonte)<\/a><\/span><\/p>\n<p><span style=\"font-size: 16px;\"><strong><span style=\"text-decoration: underline;\">Vitamina D<\/span><br \/>\n<\/strong>La vitamina D, che in realt\u00e0 non \u00e8 una vitamina ma un ormone, \u00e8 molto importante per il funzionamento della tiroide. Se il livello di vitamina D di un paziente \u00e8 basso, o al limite del valore minimo di riferimento, pu\u00f2 causare il fallimento del trattamento della tiroide ed il paziente non riesce ad eliminare i sintomi dell&#8217;ipotiroidismo.\u00a0<\/span><\/p>\n<p><span style=\"font-size: 16px;\"><span style=\"text-decoration: underline;\"><strong>Magnesio (magnesio cloruro o magnesio supremo)<br \/>\n<\/strong><\/span>Per trasformare T4 in T3 il corpo ha bisogno di magnesio. Per questo motivo il magnesio \u00e8 molto importante per pazienti della tiroide. Il magnesio viene perso facilmente in cibi processati. Gi\u00e0 l&#8217;assorbimento dei nutrienti \u00e8 spesso compromesso nei pazienti della tiroide, perci\u00f2 \u00e8 molto importante assumerlo. I sintomi di una carenza sono: disturbi gastrointestinali, ritmo cardiaco irregolare, mancanza di equilibrio, contrazioni involontari di muscoli, tremori, debolezza, ansiosit\u00e0, cambiamenti di personalit\u00e0, disorientamento, confusione mentale, depressione e irritabilit\u00e0. Una carenza di magnesio interferisce con\u00a0gli impulsi\u00a0nervosi\u00a0e muscolari. A lungo termine pu\u00f2 portare a una carenza di calcio,\u00a0allucinazioni\u00a0alcoliche, espressione del viso e movimenti degli occhi, alopecia (perdit\u00e0 di capelli), gengive gonfie, gengive con lesioni. <a href=\"http:\/\/www.ithyroid.com\/magnesium.htm\" target=\"_blank\">(fonte)<\/a><\/span><\/p>\n<p><span style=\"font-size: 16px;\"><b><span style=\"text-decoration: underline;\">Selenio<\/span><br \/>\n<\/b>Per trasformare T4 in T3 il corpo ha anche bisogno di selenio. Il selenio \u00e8 molto importante per il sistema immunitario ed il funzionamento della tiroide. Una ricerca dimostra che in pazienti con la malattia di Hasimoto il selenio \u00e8 in grado di abbassare gli anticorpi. La maggior parte dei pazienti riesce a raggiungere un buon livello di selenio mangiando una o due noci brasiliane non tostate ogni <\/span><span style=\"font-size: 16px;\">giorno. <a href=\"http:\/\/www.ncbi.nlm.nih.gov\/pubmed\/11932302\" target=\"_blank\">(fonte) <\/a>\u00a0<b><br \/>\n<\/b><\/span><\/p>\n<p><span style=\"text-decoration: underline;\"><strong><span style=\"font-size: 16px;\">Zinco<\/span><\/strong><\/span><br \/>\n<span style=\"font-size: 16px;\">Il corpo ha anche bisogno di zinco per trasformare T4 in T3. L&#8217;ipotalamo usa zinco per produrre l&#8217;ormone che comunica alla\u00a0ghiandola pituitaria di attivare la tiroide. Perci\u00f2 una carenza di zinco causa un basso funzionamento della tiroide. Scienziati hanno anche scoperto che lo zinco ha un ruolo nella stimulazione dell&#8217;attivit\u00e0 dei recettori degli ormoni tiroidei situati nelle cellule del corpo. Lo zinco \u00e8 importante per il sistema immunitario, la guarigione di ferite, coagulazione del sangue, riproduzione, crescita e l&#8217;olfatto. I sintomi di carenza sono: guarizione lenta, diminuzione dell&#8217;appetito, perdit\u00e0 di peso e macchie bianche sull ungie delle mani. <a href=\"http:\/\/www.ncbi.nlm.nih.gov\/pubmed\/23960398\" target=\"_blank\">(fonte)<\/a><\/span><\/p>\n<p><span style=\"text-decoration: underline; font-size: 16px;\"><strong>Iodio<br \/>\n<\/strong><\/span><span style=\"font-size: 16px;\">Tanti medici ritengono che l&#8217;assunzione dello iodio pu\u00f2 causare ipotiroidismo. Tanti altri invece ritengono che la cause di ipotiroidismo si trova in una carenza di iodio e consigliano ai pazienti di integrare con iodio (soluzione di lugol). Pazienti con la malattia di Hashimoto possono peggiorare la loro situazione con lo iodio e quindi devono essere prudenti. Dr. Raul Vergini consiglia ai pazienti della tiroide in generale di usare sale grigio integrale di Bretagna (detto anche dell&#8217;Oceano Atlantico) che contiene ancora tutti i minerali presenti nell&#8217;acqua di mare da cui deriva, a differenza del sale iodato che \u00e8 clorurio di sodio puro a cui \u00e8 aggiunta una piccola quantit\u00e0 di iodio. Si trova <\/span><span style=\"font-size: 16px;\">facilmente nell erboristerie e nei negozi di alimenti naturali.\u00a0<\/span><\/p>\n<p><span style=\"font-size: 16px;\"><strong><span style=\"text-decoration: underline;\">Enzimi digestivi<\/span><br \/>\n<\/strong>Come gi\u00e0 scritto sopra, l&#8217;ipotiroidismo pu\u00f2 causare una riduzione delle secrezioni digestivi. Questo pu\u00f2 causare una digestione lenta e gonfiore addominale (pancia gonfia). Per stimolare il corpo a produrre pi\u00f9 secrezioni digestivi si possono assumere enzimi digestivi come per esempio Zimase. Per i casi pi\u00f9 ostinati si possono assumere enzimi digestivi che contengono betaina e pepsina. \u00a0 \u00a0\u00a0<\/span><\/p>\n<\/div><div id=\"post-footer-230\" class=\"post-footer clear\"><\/div>","protected":false},"excerpt":{"rendered":"<p>Ovviamente per ogni persona pu\u00f2 essere diverso, ma l&#8217;esperienza ci insegna che tanti pazienti di tiroide hanno, oltre agli ormoni tiroidei, bisogno degli seguenti integratori. Ovviamente si deve sempre assumere integratori sotto il controllo di un medico. Multivitaminico L&#8217;ipotiroidismo pu\u00f2&hellip; <a href=\"https:\/\/nogsteedshypo.nl\/supplementi-beneficari\/\" title=\"Continue reading &laquo;Integratori&raquo;\" class=\"more-link\">Continue reading &laquo;Integratori&raquo;<\/a><\/p>\n","protected":false},"author":1,"featured_media":0,"parent":0,"menu_order":0,"comment_status":"closed","ping_status":"closed","template":"","meta":{"footnotes":""},"class_list":["post-230","page","type-page","status-publish","hentry"],"yoast_head":"<!-- This site is optimized with the Yoast SEO plugin v27.4 - https:\/\/yoast.com\/product\/yoast-seo-wordpress\/ -->\n<title>Integratori - Nog Steeds Hypo<\/title>\n<meta name=\"robots\" content=\"index, follow, max-snippet:-1, max-image-preview:large, max-video-preview:-1\" \/>\n<link rel=\"canonical\" href=\"https:\/\/nogsteedshypo.nl\/?page_id=230\" \/>\n<meta property=\"og:locale\" content=\"it_IT\" \/>\n<meta property=\"og:type\" content=\"article\" \/>\n<meta property=\"og:title\" content=\"Integratori - Nog Steeds Hypo\" \/>\n<meta property=\"og:description\" content=\"Ovviamente per ogni persona pu\u00f2 essere diverso, ma l&#8217;esperienza ci insegna che tanti pazienti di tiroide hanno, oltre agli ormoni tiroidei, bisogno degli seguenti integratori. Ovviamente si deve sempre assumere integratori sotto il controllo di un medico. Multivitaminico L&#8217;ipotiroidismo pu\u00f2&hellip; Continue reading &laquo;Integratori&raquo;\" \/>\n<meta property=\"og:url\" content=\"https:\/\/nogsteedshypo.nl\/?page_id=230\" \/>\n<meta property=\"og:site_name\" content=\"Nog Steeds Hypo\" \/>\n<meta property=\"article:publisher\" content=\"https:\/\/www.facebook.com\/AncoraIpo\" \/>\n<meta property=\"article:modified_time\" content=\"2013-11-05T23:18:16+00:00\" \/>\n<meta name=\"twitter:label1\" content=\"Tempo di lettura stimato\" \/>\n\t<meta name=\"twitter:data1\" content=\"3 minuti\" \/>\n<script type=\"application\/ld+json\" class=\"yoast-schema-graph\">{\"@context\":\"https:\\\/\\\/schema.org\",\"@graph\":[{\"@type\":\"WebPage\",\"@id\":\"https:\\\/\\\/nogsteedshypo.nl\\\/?page_id=230\",\"url\":\"https:\\\/\\\/nogsteedshypo.nl\\\/?page_id=230\",\"name\":\"Integratori - Nog Steeds Hypo\",\"isPartOf\":{\"@id\":\"http:\\\/\\\/nogsteedshypo.nl\\\/#website\"},\"datePublished\":\"2013-10-07T13:44:46+00:00\",\"dateModified\":\"2013-11-05T23:18:16+00:00\",\"breadcrumb\":{\"@id\":\"https:\\\/\\\/nogsteedshypo.nl\\\/?page_id=230#breadcrumb\"},\"inLanguage\":\"it-IT\",\"potentialAction\":[{\"@type\":\"ReadAction\",\"target\":[\"https:\\\/\\\/nogsteedshypo.nl\\\/?page_id=230\"]}]},{\"@type\":\"BreadcrumbList\",\"@id\":\"https:\\\/\\\/nogsteedshypo.nl\\\/?page_id=230#breadcrumb\",\"itemListElement\":[{\"@type\":\"ListItem\",\"position\":1,\"name\":\"Home\",\"item\":\"http:\\\/\\\/nogsteedshypo.nl\\\/\"},{\"@type\":\"ListItem\",\"position\":2,\"name\":\"Integratori\"}]},{\"@type\":\"WebSite\",\"@id\":\"http:\\\/\\\/nogsteedshypo.nl\\\/#website\",\"url\":\"http:\\\/\\\/nogsteedshypo.nl\\\/\",\"name\":\"Ancora ipo\",\"description\":\"Als de standaardmedicijnen niet werken\u2026\",\"publisher\":{\"@id\":\"http:\\\/\\\/nogsteedshypo.nl\\\/#organization\"},\"potentialAction\":[{\"@type\":\"SearchAction\",\"target\":{\"@type\":\"EntryPoint\",\"urlTemplate\":\"http:\\\/\\\/nogsteedshypo.nl\\\/?s={search_term_string}\"},\"query-input\":{\"@type\":\"PropertyValueSpecification\",\"valueRequired\":true,\"valueName\":\"search_term_string\"}}],\"inLanguage\":\"it-IT\"},{\"@type\":\"Organization\",\"@id\":\"http:\\\/\\\/nogsteedshypo.nl\\\/#organization\",\"name\":\"Ancora ipo\",\"url\":\"http:\\\/\\\/nogsteedshypo.nl\\\/\",\"logo\":{\"@type\":\"ImageObject\",\"inLanguage\":\"it-IT\",\"@id\":\"http:\\\/\\\/nogsteedshypo.nl\\\/#\\\/schema\\\/logo\\\/image\\\/\",\"url\":\"http:\\\/\\\/nogsteedshypo.nl\\\/wp-content\\\/uploads\\\/2013\\\/10\\\/cropped-cropped-cropped-kleinere-foto-gedownload-voor-header-site2-1.jpg\",\"contentUrl\":\"http:\\\/\\\/nogsteedshypo.nl\\\/wp-content\\\/uploads\\\/2013\\\/10\\\/cropped-cropped-cropped-kleinere-foto-gedownload-voor-header-site2-1.jpg\",\"width\":800,\"height\":380,\"caption\":\"Ancora ipo\"},\"image\":{\"@id\":\"http:\\\/\\\/nogsteedshypo.nl\\\/#\\\/schema\\\/logo\\\/image\\\/\"},\"sameAs\":[\"https:\\\/\\\/www.facebook.com\\\/AncoraIpo\"]}]}<\/script>\n<!-- \/ Yoast SEO plugin. -->","yoast_head_json":{"title":"Integratori - Nog Steeds Hypo","robots":{"index":"index","follow":"follow","max-snippet":"max-snippet:-1","max-image-preview":"max-image-preview:large","max-video-preview":"max-video-preview:-1"},"canonical":"https:\/\/nogsteedshypo.nl\/?page_id=230","og_locale":"it_IT","og_type":"article","og_title":"Integratori - Nog Steeds Hypo","og_description":"Ovviamente per ogni persona pu\u00f2 essere diverso, ma l&#8217;esperienza ci insegna che tanti pazienti di tiroide hanno, oltre agli ormoni tiroidei, bisogno degli seguenti integratori. Ovviamente si deve sempre assumere integratori sotto il controllo di un medico. Multivitaminico L&#8217;ipotiroidismo pu\u00f2&hellip; Continue reading &laquo;Integratori&raquo;","og_url":"https:\/\/nogsteedshypo.nl\/?page_id=230","og_site_name":"Nog Steeds Hypo","article_publisher":"https:\/\/www.facebook.com\/AncoraIpo","article_modified_time":"2013-11-05T23:18:16+00:00","twitter_misc":{"Tempo di lettura stimato":"3 minuti"},"schema":{"@context":"https:\/\/schema.org","@graph":[{"@type":"WebPage","@id":"https:\/\/nogsteedshypo.nl\/?page_id=230","url":"https:\/\/nogsteedshypo.nl\/?page_id=230","name":"Integratori - Nog Steeds Hypo","isPartOf":{"@id":"http:\/\/nogsteedshypo.nl\/#website"},"datePublished":"2013-10-07T13:44:46+00:00","dateModified":"2013-11-05T23:18:16+00:00","breadcrumb":{"@id":"https:\/\/nogsteedshypo.nl\/?page_id=230#breadcrumb"},"inLanguage":"it-IT","potentialAction":[{"@type":"ReadAction","target":["https:\/\/nogsteedshypo.nl\/?page_id=230"]}]},{"@type":"BreadcrumbList","@id":"https:\/\/nogsteedshypo.nl\/?page_id=230#breadcrumb","itemListElement":[{"@type":"ListItem","position":1,"name":"Home","item":"http:\/\/nogsteedshypo.nl\/"},{"@type":"ListItem","position":2,"name":"Integratori"}]},{"@type":"WebSite","@id":"http:\/\/nogsteedshypo.nl\/#website","url":"http:\/\/nogsteedshypo.nl\/","name":"Ancora ipo","description":"Als de standaardmedicijnen niet werken\u2026","publisher":{"@id":"http:\/\/nogsteedshypo.nl\/#organization"},"potentialAction":[{"@type":"SearchAction","target":{"@type":"EntryPoint","urlTemplate":"http:\/\/nogsteedshypo.nl\/?s={search_term_string}"},"query-input":{"@type":"PropertyValueSpecification","valueRequired":true,"valueName":"search_term_string"}}],"inLanguage":"it-IT"},{"@type":"Organization","@id":"http:\/\/nogsteedshypo.nl\/#organization","name":"Ancora ipo","url":"http:\/\/nogsteedshypo.nl\/","logo":{"@type":"ImageObject","inLanguage":"it-IT","@id":"http:\/\/nogsteedshypo.nl\/#\/schema\/logo\/image\/","url":"http:\/\/nogsteedshypo.nl\/wp-content\/uploads\/2013\/10\/cropped-cropped-cropped-kleinere-foto-gedownload-voor-header-site2-1.jpg","contentUrl":"http:\/\/nogsteedshypo.nl\/wp-content\/uploads\/2013\/10\/cropped-cropped-cropped-kleinere-foto-gedownload-voor-header-site2-1.jpg","width":800,"height":380,"caption":"Ancora ipo"},"image":{"@id":"http:\/\/nogsteedshypo.nl\/#\/schema\/logo\/image\/"},"sameAs":["https:\/\/www.facebook.com\/AncoraIpo"]}]}},"_links":{"self":[{"href":"https:\/\/nogsteedshypo.nl\/index.php?rest_route=\/wp\/v2\/pages\/230","targetHints":{"allow":["GET"]}}],"collection":[{"href":"https:\/\/nogsteedshypo.nl\/index.php?rest_route=\/wp\/v2\/pages"}],"about":[{"href":"https:\/\/nogsteedshypo.nl\/index.php?rest_route=\/wp\/v2\/types\/page"}],"author":[{"embeddable":true,"href":"https:\/\/nogsteedshypo.nl\/index.php?rest_route=\/wp\/v2\/users\/1"}],"replies":[{"embeddable":true,"href":"https:\/\/nogsteedshypo.nl\/index.php?rest_route=%2Fwp%2Fv2%2Fcomments&post=230"}],"version-history":[{"count":36,"href":"https:\/\/nogsteedshypo.nl\/index.php?rest_route=\/wp\/v2\/pages\/230\/revisions"}],"predecessor-version":[{"id":788,"href":"https:\/\/nogsteedshypo.nl\/index.php?rest_route=\/wp\/v2\/pages\/230\/revisions\/788"}],"wp:attachment":[{"href":"https:\/\/nogsteedshypo.nl\/index.php?rest_route=%2Fwp%2Fv2%2Fmedia&parent=230"}],"curies":[{"name":"wp","href":"https:\/\/api.w.org\/{rel}","templated":true}]}}