{"id":182,"date":"2013-10-06T12:54:58","date_gmt":"2013-10-06T12:54:58","guid":{"rendered":"http:\/\/nogsteedshypo.nl\/?page_id=182"},"modified":"2014-12-21T09:33:21","modified_gmt":"2014-12-21T09:33:21","slug":"ancora-ipo","status":"publish","type":"page","link":"https:\/\/nogsteedshypo.nl\/?page_id=182","title":{"rendered":"Perch\u00e8 questo sito?"},"content":{"rendered":"<div id=\"post-entry-excerpt-182\" class=\"entry-part\"><p><span style=\"font-size: 16px;\">Tanti pazienti di tiroide hanno ancora sintomi di ipotiroidismo, perch\u00e8 le medicine standard (cio\u00e8 medicina in base di levotiroxina, altre marche sono Syntroxine, Tiracrin o Tirosint) non funzionano per loro. Questa citazione\u00a0tratto dal libro &#8220;Ho smesso di piangere&#8221; di Veronica Pivetti \u00e8 un esempio lampante.\u00a0<\/span><\/p>\n<p><span style=\"text-decoration: underline;\"><span style=\"font-size: 16px;\">Un dialogo tra Veronica Pivetti e il suo endocrinologo:<\/span><\/span><\/p>\n<p><span style=\"font-size: 16px;\">Endocrinologo: &#8220;Come sta?&#8221;<\/span><br \/>\n<span style=\"font-size: 16px;\"> Veronica: &#8220;Eh, insomma, cos\u00ec cos\u00ec. Cio\u00e8, sono molto rallentata, molto&#8230; molto&#8230; faccio fatica a carburare, mi sento poco attiva, poco&#8230;&#8221;<\/span><br \/>\n<span style=\"font-size: 16px;\"> Endocrinologo: &#8220;Strano. Con l&#8217;Eutirox dovrebbe stare benissimo. Ormai non ha pi\u00f9 problemi di tiroide.&#8221;<\/span><br \/>\n<span style=\"font-size: 16px;\"> Veronica: &#8220;S\u00ec, no, cio\u00e8, lo so, per\u00f2, non so com&#8217;\u00e8 ma faccio fatica a fare tutto.\u00a0\u00c8 normale?&#8221;<\/span><br \/>\n<span style=\"font-size: 16px;\"> Endocrinologo: \u00a0&#8220;No.&#8221;<\/span><br \/>\n<span style=\"font-size: 16px;\"> Veronica: &#8220;Eh, appunto.&#8221;<\/span><br \/>\n<span style=\"font-size: 16px;\"> Endocrinologo: &#8220;Ma lei ormai \u00e8 a posto. Li prende 75 mcg di Eutirox al giorno, vero?&#8221;<\/span><br \/>\n<span style=\"font-size: 16px;\"> Veronica: &#8220;S\u00ec.&#8221;<\/span><br \/>\n<span style=\"font-size: 16px;\"> Endocrinologo: &#8220;E allora!&#8221;<\/span><br \/>\n<span style=\"font-size: 16px;\"> Veronica: &#8220;Eh&#8230; allora&#8230; non sono\u00a0pi\u00f9\u00a0come prima.&#8221;<\/span><br \/>\n<span style=\"font-size: 16px;\"> Endocrinologo: &#8220;Provi con un po&#8217; di Multicentrum.&#8221;&#8230;<\/span><\/p>\n<p><span style=\"font-size: 16px;\">Purtroppo conversazioni tra endocrinologi e pazienti come questa, hanno luogo ogni giorno. Il paziente riferisce di avere ancora sintomi di ipotiroidismo, ma secondo l\u2019endocrinologo dovrebbe stare bene.<\/span><\/p>\n<p style=\"text-align: center;\"><span style=\"font-size: 16px;\"><em>\u201cBuone notizie! Il suo livello di tsh del sangue risulta normale!\u201d<\/em><\/span><\/p>\n<p style=\"text-align: center;\"><a href=\"http:\/\/nogsteedshypo.nl\/wp-content\/uploads\/2013\/10\/good-news-your-tsh-levels-are-normal1.png\"><img loading=\"lazy\" decoding=\"async\" class=\"aligncenter size-medium wp-image-226\" src=\"http:\/\/nogsteedshypo.nl\/wp-content\/uploads\/2013\/10\/good-news-your-tsh-levels-are-normal1-300x187.png\" alt=\"good news your tsh levels are normal\" width=\"300\" height=\"187\" srcset=\"https:\/\/nogsteedshypo.nl\/wp-content\/uploads\/2013\/10\/good-news-your-tsh-levels-are-normal1-300x187.png 300w, https:\/\/nogsteedshypo.nl\/wp-content\/uploads\/2013\/10\/good-news-your-tsh-levels-are-normal1.png 373w\" sizes=\"auto, (max-width: 300px) 100vw, 300px\" \/><\/a><\/p>\n<p><span style=\"font-size: 16px;\">Mi chiamo Renate Hoornstra, sono Olandese e sono ipotiroidea. Ho avuto una conversazione simile col mio endocrinologo. Capendo l\u2019Inglese per fortuna potevo informarmi sui siti Americani, che elenco:<\/span><\/p>\n<p><a href=\"http:\/\/www.thyroidchange.org\/\" target=\"_blank\"><span style=\"font-size: 16px;\">http:\/\/www.thyroidchange.org\/<\/span><\/a><br \/>\n<a href=\"http:\/\/stopthethyroidmadness.com\/\" target=\"_blank\"><span style=\"font-size: 16px;\"> http:\/\/stopthethyroidmadness.com\/<\/span><\/a><br \/>\n<a href=\"http:\/\/thyroid.about.com\/bio\/Mary-Shomon-350.htm\" target=\"_blank\"><span style=\"font-size: 16px;\"> http:\/\/thyroid.about.com\/bio\/Mary-Shomon-350.htm<\/span><\/a><br \/>\n<span style=\"font-size: 16px;\"><a href=\"https:\/\/www.facebook.com\/thyroidsexy\" target=\"_blank\">https:\/\/www.facebook.com\/thyroidsexy<\/a>, e tanti altri siti di dottori che appoggiano ThyroidChange:<br \/>\n<\/span><a href=\"http:\/\/www.thyroidchange.org\/supporting-individuals.html\" target=\"_blank\"><span style=\"font-size: 16px;\">http:\/\/www.thyroidchange.org\/supporting-individuals.html<\/span><\/a><\/p>\n<p><span style=\"font-size: 16px;\">Cos\u00ec ho scoperto quello che la maggior parte degli endocrinologi Italiani purtroppo non dice ai pazienti: esiste un&#8217;altra medicina -naturale- che \u00e8 stata usata con gran successo per\u00a0pi\u00f9 di 100 anni.\u00a0<\/span><span style=\"font-size: 16px;\">Si tratta della tiroide essiccata, chiamata <a href=\"http:\/\/nogsteedshypo.nl\/?page_id=301\" target=\"_blank\">\u2018la secca\u2019 <\/a>e per tanti pazienti funziona meglio dell&#8217;Eutirox. La secca, al contrario dell\u2019Eutirox che contiene solo T4 sintetico, contiene tutti gli ormoni che produce una tiroide sana, incluso T3. T3 \u00e8 l&#8217;ormone attivo che ci da energia per vivere, il T4 invece dev&#8217;essere trasformato in T3. Per questo ha senso che tanti pazienti si sentono meglio con la secca, contiene T3 subito pronto da usare. La secca \u00e8 un estratto di tiroide del maiale. Esiste anche secca derivata da bovino, ma secondo tanti pazienti funziona meglio la secca di maiale perch\u00e8 sarebbe pi\u00f9 simile agli ormoni tiroidei umani. Esiste anche un altra cura che contiene T3 e T4 sintetico: l<a href=\"http:\/\/nogsteedshypo.nl\/?page_id=332\" target=\"_blank\">&#8216;IBSA<\/a>. Inoltre esiste anche la cura di <a href=\"http:\/\/nogsteedshypo.nl\/?page_id=312\" target=\"_blank\">solo T3 sintetico<\/a>.\u00a0<\/span><\/p>\n<p style=\"text-align: center;\"><span style=\"font-size: 10pt;\">I limiti della levotiroxina (come Eutirox, Syntroxine, Tiracrin o Tirosint)<\/span><\/p>\n<p><a href=\"http:\/\/nogsteedshypo.nl\/wp-content\/uploads\/2013\/10\/thyroid_function_problems-italiaans.jpg\"><img loading=\"lazy\" decoding=\"async\" class=\"aligncenter size-full wp-image-1442\" src=\"http:\/\/nogsteedshypo.nl\/wp-content\/uploads\/2013\/10\/thyroid_function_problems-italiaans.jpg\" alt=\"thyroid_function_problems italiaans\" width=\"720\" height=\"576\" srcset=\"https:\/\/nogsteedshypo.nl\/wp-content\/uploads\/2013\/10\/thyroid_function_problems-italiaans.jpg 720w, https:\/\/nogsteedshypo.nl\/wp-content\/uploads\/2013\/10\/thyroid_function_problems-italiaans-300x240.jpg 300w\" sizes=\"auto, (max-width: 720px) 100vw, 720px\" \/><\/a><span style=\"font-size: 16px;\">Personalmente non trovo giusto che tanti pazienti ipotiroidei, forse non capendo l\u2019Inglese, non possano provare a risolvere i loro sintomi di ipotiroidismo solo perch\u00e8 non sanno che esistono delle altre cure, e la maggior parte degli endocrinologi italiani non ne parla assolutamente. Questo \u00e8 il motivo per cui ho deciso di scrivere, portando la mia esperienza personale, e di creare questo sito; nel 2013 non esisteva ancora un sito che elencasse tutte le altre cure per l&#8217;ipotiroidsimo oltre l&#8217;Eutirox. Purtroppo solo pochi dottori le prescrivono e sono quasi sempre in privato. Lo trovate ingiusto anche voi? Per questo ho deciso di fare la volontaria per ThyroidChange e spero che firmiate numerosi, condividendo\u00a0<a href=\"http:\/\/nogsteedshypo.nl\/?page_id=140\" target=\"_blank\">la petizione<\/a>. \u00a0\u00a0<\/span><\/p>\n<p style=\"text-align: center;\">\u00a0Eugen\u00e8 Hertoghe pubblicava nella revista medica &#8221; The Practicioner&#8221;, gen.1915<br \/>\ndelle foto prima e dopo trattamento con &#8216;la secca&#8217;<\/p>\n<p><a href=\"http:\/\/nogsteedshypo.nl\/wp-content\/uploads\/2013\/10\/hertoghe-1915.jpg\"><img loading=\"lazy\" decoding=\"async\" class=\"aligncenter size-medium wp-image-356\" src=\"http:\/\/nogsteedshypo.nl\/wp-content\/uploads\/2013\/10\/hertoghe-1915-300x222.jpg\" alt=\"hertoghe 1915\" width=\"300\" height=\"222\" srcset=\"https:\/\/nogsteedshypo.nl\/wp-content\/uploads\/2013\/10\/hertoghe-1915-300x222.jpg 300w, https:\/\/nogsteedshypo.nl\/wp-content\/uploads\/2013\/10\/hertoghe-1915.jpg 433w\" sizes=\"auto, (max-width: 300px) 100vw, 300px\" \/><\/a><\/p>\n<p><a href=\"http:\/\/nogsteedshypo.nl\/wp-content\/uploads\/2013\/10\/hertoghe-1915-2.jpg\"><img loading=\"lazy\" decoding=\"async\" class=\"aligncenter size-medium wp-image-359\" src=\"http:\/\/nogsteedshypo.nl\/wp-content\/uploads\/2013\/10\/hertoghe-1915-2-300x226.jpg\" alt=\"hertoghe 1915 2\" width=\"300\" height=\"226\" srcset=\"https:\/\/nogsteedshypo.nl\/wp-content\/uploads\/2013\/10\/hertoghe-1915-2-300x226.jpg 300w, https:\/\/nogsteedshypo.nl\/wp-content\/uploads\/2013\/10\/hertoghe-1915-2.jpg 427w\" sizes=\"auto, (max-width: 300px) 100vw, 300px\" \/><\/a><\/p>\n<p><span style=\"font-size: 16px;\">Qui trovate delle\u00a0<a href=\"http:\/\/nogsteedshypo.nl\/?page_id=652\" target=\"_blank\">storie di successo attuali<\/a>.<\/span><\/p>\n<\/div><div id=\"post-footer-182\" class=\"post-footer clear\"><\/div>","protected":false},"excerpt":{"rendered":"<p>Tanti pazienti di tiroide hanno ancora sintomi di ipotiroidismo, perch\u00e8 le medicine standard (cio\u00e8 medicina in base di levotiroxina, altre marche sono Syntroxine, Tiracrin o Tirosint) non funzionano per loro. Questa citazione\u00a0tratto dal libro &#8220;Ho smesso di piangere&#8221; di Veronica&hellip; <a href=\"https:\/\/nogsteedshypo.nl\/ancora-ipo\/\" title=\"Continue reading &laquo;Perch\u00e8 questo sito? &raquo;\" class=\"more-link\">Continue reading &laquo;Perch\u00e8 questo sito? &raquo;<\/a><\/p>\n","protected":false},"author":1,"featured_media":0,"parent":0,"menu_order":0,"comment_status":"closed","ping_status":"closed","template":"","meta":{"footnotes":""},"class_list":["post-182","page","type-page","status-publish","hentry"],"yoast_head":"<!-- This site is optimized with the Yoast SEO plugin v27.4 - https:\/\/yoast.com\/product\/yoast-seo-wordpress\/ -->\n<title>Perch\u00e8 questo sito?  - Nog Steeds Hypo<\/title>\n<meta name=\"robots\" content=\"index, follow, max-snippet:-1, max-image-preview:large, max-video-preview:-1\" \/>\n<link rel=\"canonical\" href=\"http:\/\/nogsteedshypo.nl\/?page_id=182\" \/>\n<meta property=\"og:locale\" content=\"it_IT\" \/>\n<meta property=\"og:type\" content=\"article\" \/>\n<meta property=\"og:title\" content=\"Perch\u00e8 questo sito?  - Nog Steeds Hypo\" \/>\n<meta property=\"og:description\" content=\"Tanti pazienti di tiroide hanno ancora sintomi di ipotiroidismo, perch\u00e8 le medicine standard (cio\u00e8 medicina in base di levotiroxina, altre marche sono Syntroxine, Tiracrin o Tirosint) non funzionano per loro. Questa citazione\u00a0tratto dal libro &#8220;Ho smesso di piangere&#8221; di Veronica&hellip; Continue reading &laquo;Perch\u00e8 questo sito? &raquo;\" \/>\n<meta property=\"og:url\" content=\"http:\/\/nogsteedshypo.nl\/?page_id=182\" \/>\n<meta property=\"og:site_name\" content=\"Nog Steeds Hypo\" \/>\n<meta property=\"article:publisher\" content=\"https:\/\/www.facebook.com\/AncoraIpo\" \/>\n<meta property=\"article:modified_time\" content=\"2014-12-21T09:33:21+00:00\" \/>\n<meta property=\"og:image\" content=\"http:\/\/nogsteedshypo.nl\/wp-content\/uploads\/2013\/10\/good-news-your-tsh-levels-are-normal1-300x187.png\" \/>\n<meta name=\"twitter:label1\" content=\"Tempo di lettura stimato\" \/>\n\t<meta name=\"twitter:data1\" content=\"3 minuti\" \/>\n<script type=\"application\/ld+json\" class=\"yoast-schema-graph\">{\"@context\":\"https:\\\/\\\/schema.org\",\"@graph\":[{\"@type\":\"WebPage\",\"@id\":\"http:\\\/\\\/nogsteedshypo.nl\\\/?page_id=182\",\"url\":\"http:\\\/\\\/nogsteedshypo.nl\\\/?page_id=182\",\"name\":\"Perch\u00e8 questo sito? - Nog Steeds Hypo\",\"isPartOf\":{\"@id\":\"http:\\\/\\\/nogsteedshypo.nl\\\/#website\"},\"primaryImageOfPage\":{\"@id\":\"http:\\\/\\\/nogsteedshypo.nl\\\/?page_id=182#primaryimage\"},\"image\":{\"@id\":\"http:\\\/\\\/nogsteedshypo.nl\\\/?page_id=182#primaryimage\"},\"thumbnailUrl\":\"http:\\\/\\\/nogsteedshypo.nl\\\/wp-content\\\/uploads\\\/2013\\\/10\\\/good-news-your-tsh-levels-are-normal1-300x187.png\",\"datePublished\":\"2013-10-06T12:54:58+00:00\",\"dateModified\":\"2014-12-21T09:33:21+00:00\",\"breadcrumb\":{\"@id\":\"http:\\\/\\\/nogsteedshypo.nl\\\/?page_id=182#breadcrumb\"},\"inLanguage\":\"it-IT\",\"potentialAction\":[{\"@type\":\"ReadAction\",\"target\":[\"http:\\\/\\\/nogsteedshypo.nl\\\/?page_id=182\"]}]},{\"@type\":\"ImageObject\",\"inLanguage\":\"it-IT\",\"@id\":\"http:\\\/\\\/nogsteedshypo.nl\\\/?page_id=182#primaryimage\",\"url\":\"https:\\\/\\\/nogsteedshypo.nl\\\/wp-content\\\/uploads\\\/2013\\\/10\\\/good-news-your-tsh-levels-are-normal1.png\",\"contentUrl\":\"https:\\\/\\\/nogsteedshypo.nl\\\/wp-content\\\/uploads\\\/2013\\\/10\\\/good-news-your-tsh-levels-are-normal1.png\",\"width\":373,\"height\":233},{\"@type\":\"BreadcrumbList\",\"@id\":\"http:\\\/\\\/nogsteedshypo.nl\\\/?page_id=182#breadcrumb\",\"itemListElement\":[{\"@type\":\"ListItem\",\"position\":1,\"name\":\"Home\",\"item\":\"http:\\\/\\\/nogsteedshypo.nl\\\/\"},{\"@type\":\"ListItem\",\"position\":2,\"name\":\"Perch\u00e8 questo sito?\"}]},{\"@type\":\"WebSite\",\"@id\":\"http:\\\/\\\/nogsteedshypo.nl\\\/#website\",\"url\":\"http:\\\/\\\/nogsteedshypo.nl\\\/\",\"name\":\"Ancora ipo\",\"description\":\"Als de standaardmedicijnen niet werken\u2026\",\"publisher\":{\"@id\":\"http:\\\/\\\/nogsteedshypo.nl\\\/#organization\"},\"potentialAction\":[{\"@type\":\"SearchAction\",\"target\":{\"@type\":\"EntryPoint\",\"urlTemplate\":\"http:\\\/\\\/nogsteedshypo.nl\\\/?s={search_term_string}\"},\"query-input\":{\"@type\":\"PropertyValueSpecification\",\"valueRequired\":true,\"valueName\":\"search_term_string\"}}],\"inLanguage\":\"it-IT\"},{\"@type\":\"Organization\",\"@id\":\"http:\\\/\\\/nogsteedshypo.nl\\\/#organization\",\"name\":\"Ancora ipo\",\"url\":\"http:\\\/\\\/nogsteedshypo.nl\\\/\",\"logo\":{\"@type\":\"ImageObject\",\"inLanguage\":\"it-IT\",\"@id\":\"http:\\\/\\\/nogsteedshypo.nl\\\/#\\\/schema\\\/logo\\\/image\\\/\",\"url\":\"http:\\\/\\\/nogsteedshypo.nl\\\/wp-content\\\/uploads\\\/2013\\\/10\\\/cropped-cropped-cropped-kleinere-foto-gedownload-voor-header-site2-1.jpg\",\"contentUrl\":\"http:\\\/\\\/nogsteedshypo.nl\\\/wp-content\\\/uploads\\\/2013\\\/10\\\/cropped-cropped-cropped-kleinere-foto-gedownload-voor-header-site2-1.jpg\",\"width\":800,\"height\":380,\"caption\":\"Ancora ipo\"},\"image\":{\"@id\":\"http:\\\/\\\/nogsteedshypo.nl\\\/#\\\/schema\\\/logo\\\/image\\\/\"},\"sameAs\":[\"https:\\\/\\\/www.facebook.com\\\/AncoraIpo\"]}]}<\/script>\n<!-- \/ Yoast SEO plugin. -->","yoast_head_json":{"title":"Perch\u00e8 questo sito?  - Nog Steeds Hypo","robots":{"index":"index","follow":"follow","max-snippet":"max-snippet:-1","max-image-preview":"max-image-preview:large","max-video-preview":"max-video-preview:-1"},"canonical":"http:\/\/nogsteedshypo.nl\/?page_id=182","og_locale":"it_IT","og_type":"article","og_title":"Perch\u00e8 questo sito?  - Nog Steeds Hypo","og_description":"Tanti pazienti di tiroide hanno ancora sintomi di ipotiroidismo, perch\u00e8 le medicine standard (cio\u00e8 medicina in base di levotiroxina, altre marche sono Syntroxine, Tiracrin o Tirosint) non funzionano per loro. Questa citazione\u00a0tratto dal libro &#8220;Ho smesso di piangere&#8221; di Veronica&hellip; Continue reading &laquo;Perch\u00e8 questo sito? &raquo;","og_url":"http:\/\/nogsteedshypo.nl\/?page_id=182","og_site_name":"Nog Steeds Hypo","article_publisher":"https:\/\/www.facebook.com\/AncoraIpo","article_modified_time":"2014-12-21T09:33:21+00:00","og_image":[{"url":"http:\/\/nogsteedshypo.nl\/wp-content\/uploads\/2013\/10\/good-news-your-tsh-levels-are-normal1-300x187.png","type":"","width":"","height":""}],"twitter_misc":{"Tempo di lettura stimato":"3 minuti"},"schema":{"@context":"https:\/\/schema.org","@graph":[{"@type":"WebPage","@id":"http:\/\/nogsteedshypo.nl\/?page_id=182","url":"http:\/\/nogsteedshypo.nl\/?page_id=182","name":"Perch\u00e8 questo sito? - Nog Steeds Hypo","isPartOf":{"@id":"http:\/\/nogsteedshypo.nl\/#website"},"primaryImageOfPage":{"@id":"http:\/\/nogsteedshypo.nl\/?page_id=182#primaryimage"},"image":{"@id":"http:\/\/nogsteedshypo.nl\/?page_id=182#primaryimage"},"thumbnailUrl":"http:\/\/nogsteedshypo.nl\/wp-content\/uploads\/2013\/10\/good-news-your-tsh-levels-are-normal1-300x187.png","datePublished":"2013-10-06T12:54:58+00:00","dateModified":"2014-12-21T09:33:21+00:00","breadcrumb":{"@id":"http:\/\/nogsteedshypo.nl\/?page_id=182#breadcrumb"},"inLanguage":"it-IT","potentialAction":[{"@type":"ReadAction","target":["http:\/\/nogsteedshypo.nl\/?page_id=182"]}]},{"@type":"ImageObject","inLanguage":"it-IT","@id":"http:\/\/nogsteedshypo.nl\/?page_id=182#primaryimage","url":"https:\/\/nogsteedshypo.nl\/wp-content\/uploads\/2013\/10\/good-news-your-tsh-levels-are-normal1.png","contentUrl":"https:\/\/nogsteedshypo.nl\/wp-content\/uploads\/2013\/10\/good-news-your-tsh-levels-are-normal1.png","width":373,"height":233},{"@type":"BreadcrumbList","@id":"http:\/\/nogsteedshypo.nl\/?page_id=182#breadcrumb","itemListElement":[{"@type":"ListItem","position":1,"name":"Home","item":"http:\/\/nogsteedshypo.nl\/"},{"@type":"ListItem","position":2,"name":"Perch\u00e8 questo sito?"}]},{"@type":"WebSite","@id":"http:\/\/nogsteedshypo.nl\/#website","url":"http:\/\/nogsteedshypo.nl\/","name":"Ancora ipo","description":"Als de standaardmedicijnen niet werken\u2026","publisher":{"@id":"http:\/\/nogsteedshypo.nl\/#organization"},"potentialAction":[{"@type":"SearchAction","target":{"@type":"EntryPoint","urlTemplate":"http:\/\/nogsteedshypo.nl\/?s={search_term_string}"},"query-input":{"@type":"PropertyValueSpecification","valueRequired":true,"valueName":"search_term_string"}}],"inLanguage":"it-IT"},{"@type":"Organization","@id":"http:\/\/nogsteedshypo.nl\/#organization","name":"Ancora ipo","url":"http:\/\/nogsteedshypo.nl\/","logo":{"@type":"ImageObject","inLanguage":"it-IT","@id":"http:\/\/nogsteedshypo.nl\/#\/schema\/logo\/image\/","url":"http:\/\/nogsteedshypo.nl\/wp-content\/uploads\/2013\/10\/cropped-cropped-cropped-kleinere-foto-gedownload-voor-header-site2-1.jpg","contentUrl":"http:\/\/nogsteedshypo.nl\/wp-content\/uploads\/2013\/10\/cropped-cropped-cropped-kleinere-foto-gedownload-voor-header-site2-1.jpg","width":800,"height":380,"caption":"Ancora ipo"},"image":{"@id":"http:\/\/nogsteedshypo.nl\/#\/schema\/logo\/image\/"},"sameAs":["https:\/\/www.facebook.com\/AncoraIpo"]}]}},"_links":{"self":[{"href":"https:\/\/nogsteedshypo.nl\/index.php?rest_route=\/wp\/v2\/pages\/182","targetHints":{"allow":["GET"]}}],"collection":[{"href":"https:\/\/nogsteedshypo.nl\/index.php?rest_route=\/wp\/v2\/pages"}],"about":[{"href":"https:\/\/nogsteedshypo.nl\/index.php?rest_route=\/wp\/v2\/types\/page"}],"author":[{"embeddable":true,"href":"https:\/\/nogsteedshypo.nl\/index.php?rest_route=\/wp\/v2\/users\/1"}],"replies":[{"embeddable":true,"href":"https:\/\/nogsteedshypo.nl\/index.php?rest_route=%2Fwp%2Fv2%2Fcomments&post=182"}],"version-history":[{"count":68,"href":"https:\/\/nogsteedshypo.nl\/index.php?rest_route=\/wp\/v2\/pages\/182\/revisions"}],"predecessor-version":[{"id":1445,"href":"https:\/\/nogsteedshypo.nl\/index.php?rest_route=\/wp\/v2\/pages\/182\/revisions\/1445"}],"wp:attachment":[{"href":"https:\/\/nogsteedshypo.nl\/index.php?rest_route=%2Fwp%2Fv2%2Fmedia&parent=182"}],"curies":[{"name":"wp","href":"https:\/\/api.w.org\/{rel}","templated":true}]}}